 is 3 - -46 - (-90 - -52) - (3 + -1 + -17)?
102
Calculate (-2 + -2 - 10) + (-22 - 17).
-53
What is the value of (-683 - -631) + (0 - -7)?
-45
Calculate (31 + (5 - 39) - (-4 - -8)) + (-38 - -1).
-44
What is 104 - 27 - 29 - -6?
54
99 + -215 + (-8 + 10 + -2 - -5 - -2)
-109
Evaluate 49 + (27 + -18 - (9 - 2)) + -4.
47
What is 5 - (5 + 11 + -26) - (-17 + -3)?
35
-78 - (-3 + -3 + -4 - (-580 + 569))
-79
Calculate 3 + 0 - 1 - (-27 - (-19 + 8)).
18
Evaluate (-33 - (-23 - -1)) + 28 + -11.
6
Evaluate -27 + 26 + 15 - 39.
-25
What is the value of -7 + (31 + -26 - -21) + 7?
26
Calculate -18 + (-9 - (55 - (-14 - -26))) + 4.
-66
What is the value of (-124 - -64) + -56 - -153?
37
What is the value of 15 + 4 + -41 - (-16 + 19)?
-25
What is the value of (-20 - -6) + 11 + (1 - -10) - 21?
-13
75 - (66 - 35 - -5) - -52
91
What is the value of 13 + 6 - 28 - -64?
55
What is -12 - -175 - (-212 - -294)?
81
What is the value of -9 + -14 + 16 + -38 + 5?
-40
Evaluate -10 + -2 + (3 - -11) + 25 + -52.
-25
Evaluate (-95 + 95 - (-2 + 49)) + 16 - -7.
-24
(-6 - -8) + (7 - 2) - 1 - 13
-7
What is the value of -27 + -10 + -41 - (-1 - -1 - 21)?
-57
What is 0 + 1 + 63 - 14?
50
11 + (-33 + 83 - 36) + -1 + 12
36
Calculate 43 + (44 - 75) + 3.
15
Calculate 5 - -25 - (4 - 4) - (-17 - (-14 - -7)).
40
What is the value of -2 + -1 + 1 + (25 - (1 + 24 + -21))?
19
Evaluate 1 - 4 - (118 + -18 + -9 - 22).
-72
Evaluate (-4 - -35) + 6 + (44 - 23 - 4).
54
Calculate 5 - (5 - 1) - (-18 - (-4 + -10)) - -15.
20
Calculate -64 + 66 - (-11 + 12) - (-4 - -2).
3
What is 16 + (-4 - -1) + 17 + 14 + -13?
31
(-6 + -15 - -41) + 0 + -30 - 86
-96
Evaluate (110 - 1) + 8334 + -8536.
-93
Calculate (2 - -9) + (-38 - -45) + -44.
-26
(0 - -11) + (-8 - 0) + 3 + (-14 - -8)
0
Evaluate -61 - 12 - -58 - (-106 - 5).
96
Evaluate (16 - (((-6 - -10) + -8 - -1) + -6)) + 5.
30
What is -13 + 10 + -31 + 3?
-31
-332 + 325 - (0 - 15) - 19
-11
What is -88 + 95 + 32 + -93?
-54
-36 - (59 + -28) - -39
-28
(-30 - -8) + (56 - (-2 + 15))
21
What is -22 + -42 + 19 + 56?
11
What is the value of (-21 - -36) + (-21 - 2) - (17 - 2)?
-23
Evaluate ((-1 - (-3 - -9)) + 8 - -18) + -33.
-14
What is the value of (0 - 7 - (0 - (-8 + 2))) + -9?
-22
What is the value of (-312 - -325) + (12 - 2) + (4 - 0)?
27
Calculate -40 + 41 + -5 + (0 - 14) + -58.
-76
61 + -57 - 21 - 40
-57
Calculate (7 - -61 - (-110 - -142)) + -1 + 16.
51
What is the value of 47 + 0 + (5 + -9 + 3 - -29) + -21?
54
What is 73 + 1 + -9 + 9 + -118 + 111?
67
What is the value of (-34 + 98 - (-1 - -4)) + 0 + -5?
56
What is 527 + -639 - (-83 + 2)?
-31
Calculate 15 + -10 + (44 - 22).
27
-697 - -737 - (13 - -2)
25
What is 3 - -42 - (16 + (-1 - 45) + 22)?
53
-42 - -24 - 8 - (-4 - -3 - 0)
-25
What is -48 - -51 - (-75 - (0 + -1 + (5 - 7)))?
75
Evaluate (-4 - 1 - -6) + 145 + (-117 - -80).
109
Evaluate (2 - (4 - (27 + -15))) + 18.
28
What is the value of -18 - (4 - (-24 + 18)) - -12?
-16
What is -9 - (-2 + 2) - (1383 + -1404)?
12
Evaluate -7 + -9 + -79 + 26.
-69
What is (2 + -2 - -16) + 689 + -601 + -1 + 6?
109
What is -1 + 22 - (-98 + -82 + 197)?
4
Calculate 33 + (-40 - (9 - 90)) + -75.
-1
What is the value of -8 - (19 - (13 + -6)) - -10?
-10
What is -47 - (-42 - -12) - -29?
12
What is the value of -6 + 5 + (33 - 15) + -13 - -31?
35
Calculate 0 - 8 - (39 + -29 + 2 + 12).
-32
What is 5 + -23 + (239 - 248) + (-2 - -8 - -1)?
-20
What is 39 + -67 + 26 + -21?
-23
Calculate 388 - 497 - (-116 - 1).
8
Calculate -32 + (-4 - -54) - 17.
1
What is the value of (-2 + 0 - (48 + -35)) + 2?
-13
What is 4 + -2 - -4 - (-48 + 61)?
-7
What is the value of -60 + 132 + (6 - -37) + -7?
108
Evaluate (51 - (37 - 100)) + -138.
-24
Evaluate 131 - (135 + 27 + -87).
56
Calculate -5 + 48 + -1 + -3269 + 3142.
-85
104 + -98 + (-1 - 2) + -32 + (7 - 14)
-36
Evaluate (1 + -3 - 1) + (42 - 27) - (-34 - -28).
18
Evaluate 1 + 2 + (16 - (1 + (39 - 27))) - -36.
42
What is -4 + 12 + (-7 - -4) - (1382 - 1374)?
-3
Evaluate -38 + -43 + 110 + -67.
-38
Evaluate 65 + -20 + -38 + (-22 - (-4 - 0)).
-11
70 + (-30 - (46 + -102))
96
Evaluate 2 - (73 - 73) - (1 + 1 + 9).
-9
What is 10 - (47 - (10 - -6))?
-21
What is -12 - (13 + -66 - (4 - 9) - 13)?
49
30 + -1 + -75 + 39 + 49
42
Evaluate (6 - 6 - (-8 - -7) - (-11 + 4)) + -51.
-43
Evaluate -5 + -2 - (182 - 142 - -85).
-132
Calculate (140 - 107 - 86) + 12.
-41
(-11 - (-12 - (-39 + 7))) + -1 - 12
-44
What is the value of 43 + (28 - (-18 - -74)) + (-109 - 1)?
-95
What is the value of -3 - 47 - (-3048 + 2988)?
10
What is -21 + 47 + 33 + -32?
27
What is (0 + -2 - (-2 + 0 - -11)) + (-26 - 6)?
-43
(5475 - 5470) + (-17 - (1 + -1))
-12
Evaluate -4 + -174 + -1557 + 1646.
-89
1 + 15 + (53 - 13 - 14)
42
Evaluate 16756 + -16725 + 1 + -91 + 2.
-57
Calculate (-12 - 36 - -41) + (1 - 1) + 23.
16
-9 - (-6 + -25 - (-13 + 20 + 6))
35
Calculate (-7 - 79) + 12 + 109.
35
-118 + (40 - (-14 - -60)) + 6
-118
-9 + ((-53 - -35) + 27 - -59)
59
Calculate (2 + -1 + 4 - (53 + -1 + 41)) + 10.
-78
155 + 0 + -87 + -11
57
What is -14420 + 14326 - (0 + -147)?
53
19 + (-19 - -19 - 68) + 10
-39
-18 - ((-41 - -32) + (-4 - -5)) - (1 - -40)
-51
24 - (-68 + 0 - (91 + -187 + 111))
107
Evaluate -6 + 3 + (-57 + 1 + -2 + -4 - -7).
-58
What is the value of 9 - (12 + 41 + 1)?
-45
What is 93 - (175 + -73) - (-1 + -55 + -1)?
48
Evaluate 0 + -90 + 3 + 1 - (-1257 - -1265).
-94
What is (166 - 109 - 44) + (-1 - 12)?
0
Evaluate (-20 - 4 - -4) + -555 + 559 - 18.
-34
Evaluate (11 - 17 - 7) + 2 + 14 + -61.
-58
Calculate -25 + (118 - 59) - (-2 + 36).
0
Evaluate -53 + -7 + 14 + -4 + (-5 - (-14 - -8)).
-49
-1 + 9 - (-111 - 12) - ((3 - 11) + 2)
137
-125 - (-44 + (47 - (-5 - -13)))
-120
What is the value of ((2 - -5) + 6 + (33 - 48) - -1) + -150?
-151
What is 16 - (3 - ((-7 - (7 + -6)) + 6) - -2)?
9
(154 - 119) + (8 - (3 - 1)) - -4
45
Evaluate (-27 + 7 - -12) + 2 + 31.
25
Evaluate -5 + (11 - 0) + (-1 - -18) - -15.
38
Evaluate 106 + -99 + 8 + (18 - -3).
36
What is (39 - 41) + 10 + (11 - 5) - 87?
-73
What is the value of (-8 - (-23 + -1)) + 28 + -6?
38
(0 - (-10 + 13)) + -9 + -10
-22
What is the value of 29 + -5 + -1 + -11 - 11 - -1?
2
Evaluate -11 - (-36 + 37) - (26 - (1 + 3)).
-34
(901 - 890) + (3 - (18 + 0)) - (50 + 1)
-55
-1 + -9 - (-74 + 56) - -12
20
0 + -1 + 176 + -175 + -32 - 9
-41
What is the value of 1401 - 1373 - (87 + -1)?
-58
Calculate -72 + (56 + -94 + 59 - (3 + (1 - -9))).
-64
What is the value of -61 + -2 - (-509 + 531 - (23 - 0))?
-62
(-86 - -78) + (4 - (-3 + -49 - (-2 - 2)))
44
17 - ((-18 - (-13 + 3) - -6) + -6)
25
Calculate 141 - (-91 + -10 - -168).
74
What is (30 - -13 - 9) + 3?
37
(-1352 - -1358) + (-2 - (47 - -2))
-45
What is the value of 7 + 5 + -25 - ((-16 - 74) + 19)?
58
Calculate -14 - (-20 - -10 - 54).
50
What is 1 + -5 + (31 - (-12 - -19) - (-12 + 3))?
29
Calculate -13 + (6 - (21 + (7 - 20))).
-15
What is 259 + -145 + -115 + (0 - (94 - 2))?
-93
Calculate -24 - (-29 + (-4 - 3) + 11).
1
Evaluate 10 + -40 + 43 - (44 + (-2 - -4)).
-33
What is -4471 - -4511 - (-1 - 31)?
72
Calculate (89 + -49 - 51) + -2.
-13
What is (1 - 41) + 1 - (-108 + 13)?
56
Evaluate 129 + -246 + 115 + 79 + -1.
76
(6 - -15) + 10 + -21 + -19
-9
(192 - 114) + -23 + -39
16
What is the value of 41 - (-131 - -137 - 2)?
37
Evaluate (27 - 7) + (-51 + 5 - -133).
107
104 + -29 + -63 + (0 - -110 - -5)
127
What is -232 - -77 - -103 - -71?
19
-2 + 45 + -29 + 14 - -12
40
31 + -8 + -14 - (4 - (-14 - (-4 + -117)))
112
What is 5766 + -5760 - ((-80 - -3) + 3)?
80
What is (44 - 65) + 92 + -52?
19
What is the value of -61 + -12 + (25 - (-23 + 45) - 14)?
-84
Calculate (26 - -2 - (-164 + 190)) + -2 + 3.
3
Evaluate 0 - -33 - (532 + -551 - (-1 - 18)).
33
What is 132 + (-195 - 28) - (-25 + -1)?
-65
Evaluate -6 - (18 + (-26 - 6 - (5 + -27))).
-14
Calculate (-456 - -520) + -1 + (-1 - -1) + (2 - -12).
77
What is the value of 0 - (13 - (-3 + 1 + (15 - 10)))?
-10
Calculate (-46 - -46) + 18 - 54.
-36
Calculate (-2 - 0) + 36 + 2 - (883 + -871).
24
Calculate -15 + 32 - (-205 - -312).
-90
-5 + 18 + (-3 - ((-6 + 4 - 2) + -1))
15
Calculate (-2 - -49 - 47) + (0 - -78 - 2).
76
29 + 10 + -62 + (-1 - -22)
-2
(3 - (-4 - (-60 - -11))) + 12 - (-13 + 3)
-20
Calculate 84 + (-266 - -66) - -40.
-76
What is the value of (-54 + -74 - -60) + 120?
52
Calculate ((1 - 1) + 56 + -55 - (20 - 16)) + -24.
-27
79 - 58 - (11 + 